prime number?
False
Is 1409 prime?
True
Is 102829 prime?
True
Is 353631 prime?
False
Is 1838 a prime number?
False
Is 17103 a composite number?
True
Is 6157 composite?
True
Is 1099 prime?
False
Is 66161 a prime number?
True
Is 10073 prime?
False
Is 3934013 composite?
False
Is 88181 a prime number?
False
Is 54829 composite?
False
Is 12763 a composite number?
False
Is 111291 composite?
True
Is 149743 a prime number?
False
Is 35051 a composite number?
False
Is 51341 prime?
True
Is 108227 a composite number?
True
Is 20663 a composite number?
False
Is 62533 a prime number?
True
Is 189337 prime?
True
Is 55987 a composite number?
False
Is 281509 a prime number?
True
Is 300799 composite?
False
Is 31793 composite?
False
Is 4499 a composite number?
True
Is 1361 composite?
False
Is 24607 prime?
False
Is 308129 a composite number?
False
Is 311 composite?
False
Is 304187 a prime number?
False
Is 4393 composite?
True
Is 113303 a prime number?
False
Is 79169 a composite number?
True
Is 2346541 prime?
False
Is 12637 composite?
False
Is 30202 a prime number?
False
Is 1203766 a prime number?
False
Is 11351 a composite number?
False
Is 167521 prime?
True
Is 13291 prime?
True
Is 43019 a composite number?
False
Is 9413 a prime number?
True
Is 557107 prime?
False
Is 80137 a prime number?
False
Is 2544571 composite?
False
Is 8882 composite?
True
Is 2209 a composite number?
True
Is 24733 a composite number?
False
Is 3037 composite?
False
Is 5891 a prime number?
False
Is 4909 a composite number?
False
Is 22097 composite?
True
Is 20737 a composite number?
True
Is 889 composite?
True
Is 269023 a prime number?
True
Is 14311 composite?
True
Is 163109 composite?
False
Is 1709 prime?
True
Is 44351 a prime number?
True
Is 6449 composite?
False
Is 2459 composite?
False
Is 89027 a composite number?
True
Is 1159577 a prime number?
True
Is 515477 composite?
False
Is 4673 a prime number?
True
Is 436427 a prime number?
True
Is 3683 a composite number?
True
Is 54721 a prime number?
True
Is 786613 composite?
False
Is 84965 a composite number?
True
Is 121129 prime?
False
Is 5261 a composite number?
False
Is 2449 composite?
True
Is 87991 prime?
True
Is 499799 prime?
False
Is 5177 prime?
False
Is 114697 composite?
True
Is 29431 composite?
True
Is 84685 a prime number?
False
Is 27514 prime?
False
Is 1814 a composite number?
True
Is 169151 a prime number?
True
Is 4843 composite?
True
Is 383155 prime?
False
Is 225409 a prime number?
False
Is 2719 prime?
True
Is 444551 a composite number?
True
Is 1310891 prime?
True
Is 191 composite?
False
Is 19797 composite?
True
Is 12301 composite?
False
Is 1815647 composite?
False
Is 1838233 composite?
False
Is 367737 composite?
True
Is 471299 a composite number?
False
Is 2046937 prime?
True
Is 2090749 prime?
True
Is 137339 prime?
True
Is 290011 prime?
True
Is 66463 composite?
False
Is 38431 composite?
False
Is 33179 a composite number?
False
Is 489381 composite?
True
Is 33827 a composite number?
False
Is 28451 composite?
True
Is 2063 a prime number?
True
Is 5039 a prime number?
True
Is 11959 a prime number?
True
Is 133907 a prime number?
False
Is 9413 prime?
True
Is 332026 prime?
False
Is 250403 prime?
True
Is 18371 a composite number?
False
Is 7993 prime?
True
Is 31973 prime?
True
Is 58831 prime?
True
Is 974819 prime?
True
Is 10007 composite?
False
Is 10211 prime?
True
Is 76231 composite?
False
Is 797339 composite?
True
Is 319 a prime number?
False
Is 14987 composite?
True
Is 20609 a prime number?
False
Is 1821859 composite?
True
Is 9791 prime?
True
Is 14669 prime?
True
Is 352609 a composite number?
True
Is 92333 a composite number?
False
Is 36353 composite?
False
Is 40405 prime?
False
Is 45361 prime?
True
Is 26093 a prime number?
False
Is 1236193 a composite number?
True
Is 816763 prime?
True
Is 3691 a prime number?
True
Is 47053 composite?
True
Is 21433 composite?
False
Is 2041 composite?
True
Is 108529 composite?
False
Is 761 composite?
False
Is 208779 a composite number?
True
Is 6159 a prime number?
False
Is 11677 prime?
True
Is 2103 composite?
True
Is 1211693 composite?
True
Is 122441 composite?
True
Is 23723 a composite number?
True
Is 589258 a composite number?
True
Is 142539 prime?
False
Is 31861 a prime number?
False
Is 420621 composite?
True
Is 6407 prime?
False
Is 51163 prime?
False
Is 30293 composite?
False
Is 385069 a composite number?
False
Is 259323 prime?
False
Is 36451 composite?
False
Is 137211 a prime number?
False
Is 1143203 prime?
False
Is 71787 composite?
True
Is 526367 composite?
False
Is 261127 composite?
False
Is 342929 a composite number?
False
Is 37139 composite?
False
Is 291779 prime?
True
Is 128311 a composite number?
False
Is 188197 composite?
False
Is 32411 a prime number?
True
Is 17047 a prime number?
True
Is 1177 composite?
True
Is 2333 a prime number?
True
Is 394963 a prime number?
True
Is 36383 composite?
False
Is 15353 a prime number?
False
Is 817 a composite number?
True
Is 2219 a composite number?
True
Is 5773607 composite?
True
Is 103657 a composite number?
False
Is 8903 a composite number?
True
Is 3513 prime?
False
Is 159223 prime?
True
Is 76631 composite?
False
Is 42509 prime?
True
Is 855031 prime?
True
Is 2707 prime?
True
Is 49 prime?
False
Is 135559 a composite number?
False
Is 56011 prime?
False
Is 82021 a prime number?
True
Is 94387 a prime number?
False
Is 4187 a composite number?
True
Is 56167 a prime number?
True
Is 1824019 prime?
False
Is 576287 a composite number?
False
Is 22181 prime?
False
Is 193159 a composite number?
True
Is 6469 composite?
False
Is 2667919 composite?
False
Is 352523 composite?
False
Is 38491 a prime number?
False
Is 62003 a prime number?
True
Is 145361 a composite number?
False
Is 1067 a composite number?
True
Is 25063 a composite number?
True
Is 160453 a prime number?
True
Is 3571 composite?
False
Is 101107 a composite number?
False
Is 3953 prime?
False
Is 32353 a composite number?
False
Is 7297 composite?
False
Is 195571 composite?
True
Is 42538 a composite number?
True
Is 1345 a prime number?
False
Is 6433 a prime number?
False
Is 250547 composite?
True
Is 6947 a composite number?
False
Is 5223 prime?
False
Is 3261 composite?
True
Is 65929 prime?
True
Is 37486 prime?
False
Is 210523 prime?
True
Is 2153 a prime number?
True
Is 582989 a prime number?
False
Is 33313 composite?
True
Is 3647 composite?
True
Is 1527443 composite?
False
Is 8309 prime?
False
Is 357649 a prime number?
True
Is 13945 prime?
False
Is 643018 a prime number?
False
Is 75287 composite?
True
Is 113891 a composite number?
False
Is 282029 prime?
False
Is 981079 prime?
False
Is 826697 a prime number?
True
Is 126107 a prime number?
True
Is 23839 composite?
True
Is 194309 a prime number?
True
Is 105491 a prime number?
True
Is 11659 a composite number?
True
Is 395795 composite?
True
Is 129863 prime?
False
Is 128045 composite?
True
Is 13043 a composite number?
False
Is 403094 a prime number?
False
Is 13309 a composite number?
False
Is 59509 a prime number?
True
Is 163133 composite?
True
Is 925915 prime?
False
Is 7919 a composite number?
False
Is 61989 a composite number?
True
Is 70715 prime?
False
Is 225229 a prime number?
False
Is 151358 a composite number?
True
Is 52783 composite?
False
Is 181409 a composite number?
False
Is 57367 a composite number?
False
Is 250931 a prime number?
False
Is 355382 composite?
True
Is 1299397 composite?
True
Is 44069 composite?
True
Is 342647 composite?
False
Is 98309 prime?
False
Is 9623 composite?
False
Is 779981 prime?
True
Is 8605 a prime number?
False
Is 12209 prime?
False
Is 26521 a composite number?
True
Is 26737 a prime number?
True
Is 783905 composite?
True
Is 37253 a prime number?
True
Is 174407 a prime number?
True
Is 101051 prime?
True
Is 72139 a prime number?
True
Is 2788769 a prime number?
True
Is 74149 a composite number?
False
Is 9649 a prime number?
True
Is 12319 a prime number?
False
Is 1651 prime?
False
Is 84689 a prime number?
False
Is 16249 a composite number?
False
Is 247859 a composite number?
True
Is 34141 composite?
False
Is 131561 composite?
False
Is 122363 prime?
True
Is 1728893 a composite number?
True
Is 234239 a composite number?
False
Is 16141 a composite number?
False
Is 2427 a prime number?
False
Is 6421 prime?
True
Is 5815 a prime number?
False
I